j - 20 = 2*o. Suppose o = -16*w + 8*w. What are the prime factors of w - (30 - 4)*-4?
2, 13
Let d(g) = g**2 - 9*g - 41. Suppose -4*q = -3*r + 31, 2*q + 4*r - 16 = q. What are the prime factors of d(q)?
11
Suppose -161*l + 160*l = -6. Suppose 5*z = -4*a + l*a - 1021, 3*a - 1544 = 5*z. List the prime factors of a.
523
Let s be (-2)/7 + 11370/105. Suppose -3*f + 84 = -s. Let m = f + 7. List the prime factors of m.
71
Let m(q) = 11*q + 4. Let p be m(-3). Let b(k) = 3*k + 117. Let a be b(-20). Let o = p + a. List the prime factors of o.
2, 7
Let g = 890 - -613. Suppose -g = -5*t + 12*o - 8*o, 1530 = 5*t + 5*o. What are the prime factors of t?
3, 101
Suppose -4*i + 39832 = 2*k, -2*k + 25299 = 3*i - 4578. What are the prime factors of i?
5, 11, 181
Suppose 0 = 21*s - 4*s - 13889. Let c = s - 361. List the prime factors of c.
2, 3, 19
What are the prime factors of (890260/126)/(180/1296)?
2, 6359
Let w(p) = -132*p - 4022. List the prime factors of w(-98).
2, 4457
Suppose 0 = -g + 5*n + 22, 0 = g - n - 9 + 7. Let k(c) = -59*c**2 + c - 1. Let o be k(1). Let u = g - o. List the prime factors of u.
2, 7
Let a be 6 + (-9)/(5 - 2). Suppose 0 = a*o + 102 - 381. Suppose -5*t = -387 - o. List the prime factors of t.
2, 3
Suppose 2*n + 2 = -44. Let x(l) = -23*l + 18. What are the prime factors of x(n)?
547
Let g = 421 + -417. What are the prime factors of (-28)/(-3 - g) - -1089?
1093
Let n(q) = 7*q + 3628. List the prime factors of n(-28).
2, 3, 11, 13
Let a(j) = -330*j - 8. Suppose 3*m + 11*m + 28 = 0. List the prime factors of a(m).
2, 163
Let p = -34074 + 51930. What are the prime factors of p?
2, 3, 31
Let j(v) be the second derivative of 5*v**4/24 + v**3/6 + 5*v**2/2 - 13*v. Let b(h) be the first derivative of j(h). List the prime factors of b(2).
11
Let m(k) = 9*k**2 - 24*k + 7. Let c be m(-9). Let w be 4 + c/35 + 2/(-10). Let z = w + 124. List the prime factors of z.
5, 31
Let h = -119 - -123. Let b(x) = -x**3 + 4*x**2 + x - 17. Let v be b(h). What are the prime factors of (v + 0)/(1*-1)?
13
Suppose 14987 - 1833 = 6*k - 5*y, -6557 = -3*k + 5*y. List the prime factors of k.
3, 733
Suppose 4*b + 6913 = q, 0 = 5*b - 8*b - q - 5183. Let t = b + 3131. List the prime factors of t.
23, 61
Suppose 0*t + 4*n + 25 = -t, -3*t = -5*n - 10. Let b be 1/((-2)/(-16)) + t. Suppose -h = -3*h, 0 = -2*c - b*h + 382. List the prime factors of c.
191
Suppose 508*p - 509*p = -3*x - 3872, -4*p = 4*x - 15472. What are the prime factors of p?
53, 73
Let j be 4/(-26) - 14748/(-39). Let z = 667 - j. What are the prime factors of z?
17
Let l = -101 - -101. Let n(r) = -62 + l*r - 4*r + 171*r**2 + 34*r**2 + 66. List the prime factors of n(1).
5, 41
Suppose 5*l + 5*z - 26315 = 0, -867*l + 868*l = 3*z + 5255. What are the prime factors of l?
5261
Suppose -2 = 6*f - 7*f, 5*f + 20310 = h. What are the prime factors of h?
2, 5, 127
Let x(c) = 4*c**3 - 2*c**2 - 4*c - 5. Suppose 9*z - z - 144 = 0. Suppose 0 = 12*l - z*l + 24. What are the prime factors of x(l)?
7, 29
Suppose 10*g + 6654 = -2786. Let n = 2334 + g. What are the prime factors of n?
2, 5, 139
Let g = -143860 + 28336. List the prime factors of (-3)/(-11) - g/396.
2, 73
Suppose 0 = 36*u - 65020 - 295016. List the prime factors of u.
73, 137
Suppose 48*k = 52*k - 892. Let j = k - -39. List the prime factors of j.
2, 131
Suppose 0 = 4*t + 27 + 1. Let x(c) = -7*c + 21. Let d be x(t). Suppose -4*r - 5*u = -332, r - d - 13 = u. List the prime factors of r.
83
Let l = 49132 - 11664. What are the prime factors of l?
2, 17, 19, 29
Let d = -40 - -43. Suppose d*t + 23 = 5*q, -t - 16 = -5*t. Suppose 175 = 12*x - q*x. List the prime factors of x.
5, 7
Let z = -73 - -89. Suppose z*c - 12 = 10*c. Suppose -c*a + 0*k + 177 = 3*k, 2*k + 6 = 0. What are the prime factors of a?
3, 31
Suppose 42191 = 12*n - 210853. Suppose 115*a - 88*a = n. List the prime factors of a.
11, 71
Suppose -234*f = -275*f + 2182594. What are the prime factors of f?
2, 43, 619
Let t be 13020/5 + -3 + 1. Suppose 16 = 4*v - 0*v, -3*v + t = -5*r. Let g = -349 - r. List the prime factors of g.
13
Suppose -19*r - 137280 = -39*r. Suppose 2*u + 14*u = r. List the prime factors of u.
3, 11, 13
Let y = 35 + -22. Suppose -7*d - y = -62. What are the prime factors of 1 - -11 - 14/d?
2, 5
Let p(h) be the second derivative of -h**3/2 - 19*h**2/2 - 23*h + 2. Let x be p(-6). Let d(g) = -77*g**3 - g - 2. What are the prime factors of d(x)?
2, 19
Let l be (-7 + 263/(-1))*16/(-3). List the prime factors of (-6 - l/(-27))/(2/24).
2, 71
Let d = 25 + 74. Suppose 2*x = y + 614, x = 5*y + d + 199. What are the prime factors of x?
2, 7, 11
Let j be (-2 + 3)/2*(-2 + 2). Suppose j = -2*q + 4*p - 12, p - 3 = -2*q + 5. Suppose -q*l - 136 = -4*m, l = -2*m - l + 62. List the prime factors of m.
3, 11
Suppose 0 = 2*n - 2*q + 3554, -n + 64*q - 62*q = 1779. Let l = -709 - n. List the prime factors of l.
2, 13, 41
Let p = -2510 + 1298. Let w = -335 - p. List the prime factors of w.
877
Let v(g) = -g**3 - 36*g**2 - 37*g - 93. What are the prime factors of v(-45)?
3, 6599
Let i = -158 + 108. Let o = i + 52. Suppose 3*n - o*n + 2*x - 119 = 0, -x = 0. What are the prime factors of n?
7, 17
Suppose -2*v - 10 = -n, 3*v + 3*n + 26 = -7. What are the prime factors of (14/v - -5) + 447?
2, 3, 5
Let h be -1 + -4*(-39 - 5). Suppose -3*l - 489 + h = -4*y, -426 = 4*l + 2*y. What are the prime factors of l/(-2)*8/2?
2, 53
Let o(c) = c**3 - 22*c**2 - 9*c - 1. Let r = 219 - 196. What are the prime factors of o(r)?
3, 107
Let r(m) = 232*m**2 - 521*m - 30. List the prime factors of r(7).
7691
Suppose -233*h + 275043 = -244547. List the prime factors of h.
2, 5, 223
Suppose 0 = -19*f + 20*f - 82. Let u = f - 69. Suppose u*l - 200 = 11*l. List the prime factors of l.
2, 5
Let t(q) = -11*q - 17 - 8*q + 6*q. Let w(a) = -25*a - 34. Let z(j) = 5*t(j) - 3*w(j). What are the prime factors of z(9)?
107
Suppose 12*a + 8 = 14*a. Suppose 4*f - 1752 = -2*k, -k = 4*f - a*k - 1732. What are the prime factors of f?
2, 109
Suppose 0 = -3*x + z + 20475, 2*x + 2*z = -5141 + 18783. List the prime factors of x.
2, 853
Suppose -305*y + 297*y = -296384. List the prime factors of y.
2, 11, 421
Suppose -35*r - 8*r + 43 = 0. List the prime factors of 571 - (-1 + r) - (-52)/(-13).
3, 7
List the prime factors of ((-57780)/(-630))/(1/49).
2, 3, 7, 107
Suppose q + 54 = -3*d, 4*q + 2*d + 236 = -0*d. Let r be q/(((-104)/20 - -3) + 2). Suppose y + r = j - 0*y, -4*y = -j + 306. List the prime factors of j.
2, 149
Let z(j) = j**3 + 45*j**2 - 63*j - 424. What are the prime factors of z(-40)?
2, 631
Let i = -54 - -9. Let g = i - -49. List the prime factors of 194/7 + g/14.
2, 7
Suppose -9 = 3*j, -4*j - 20958 + 177216 = 6*l. What are the prime factors of l?
5, 5209
Let t(p) = 3*p - 24. Let q(n) = n - 8. Let w(u) = 11*q(u) - 4*t(u). Let j(r) = r - 5. Let f(d) = -7*j(d) - 5*w(d). List the prime factors of f(-4).
3
Let s = -2164 + 23367. What are the prime factors of s?
7, 13, 233
Let h(k) = 12*k**2 + 3*k + 3. Suppose 2*o + 26 = a - 2*o, 0 = 3*a - 3*o - 123. Let d = 44 - a. List the prime factors of h(d).
3, 5
Let m be (-22 - 305) + 8/(-2). Let y = -301 - m. What are the prime factors of y?
2, 3, 5
Suppose -27 = 4*a - 51. What are the prime factors of (a - (8 + -1))*(-316 - 0)?
2, 79
Let c(n) = 3104*n**2 - 9*n + 4. What are the prime factors of c(1)?
3, 1033
Let w(t) = -t**3 + 13*t**2 + 5*t + 41. Let v be w(11). Let q = -106 + v. What are the prime factors of q?
2, 29
Let l be 51/102 - 1657/(-2). Suppose -202 + l = h. What are the prime factors of h?
3, 11, 19
Suppose 0 = -3*h - 5*h + 24. Suppose -2*w - 4 = 0, 0 = d - h*w - 2*w - 261. What are the prime factors of d?
251
What are the prime factors of (-146)/(-18) - 8 - (-2123488)/72?
3, 29, 113
Let v be ((-6)/(-12))/((-9)/(-54)). Suppose -x + 0*j = -2*j - 297, -v*j = 5*x - 1459. What are the prime factors of x?
293
Suppose 4*p + 8*n = 3*n - 24, -4*n = 16. List the prime factors of -1*1/p - (2 + -389).
2, 97
Let s = -53 + 59. Suppose 0 = -s*r + r + 85. Suppose -v = -112 - r. What are the prime factors of v?
3, 43
Let c = -150 + 152. Suppose -4*t + 0*k - 2*k = -112, c*k = -t + 31. List the prime factors of t.
3
Let y = 91 + -83. Suppose -m + y + 68 = 0. Let s = 79 + m. List the prime factors of s.
5, 31
Let g(i)